 the units digit of 1904?
4
What is the tens digit of 509?
0
What is the hundreds digit of 1155?
1
What is the units digit of 2265?
5
What is the units digit of 35358?
8
What is the thousands digit of 4380?
4
What is the tens digit of 92?
9
What is the ten thousands digit of 11703?
1
What is the units digit of 5961?
1
What is the hundreds digit of 502?
5
What is the tens digit of 150480?
8
What is the tens digit of 374?
7
What is the hundreds digit of 678?
6
What is the units digit of 491?
1
What is the thousands digit of 165840?
5
What is the tens digit of 7955?
5
What is the hundreds digit of 832?
8
What is the tens digit of 14576?
7
What is the hundreds digit of 4168?
1
What is the thousands digit of 1281?
1
What is the hundreds digit of 6168?
1
What is the units digit of 37695?
5
What is the units digit of 12214?
4
What is the tens digit of 2794?
9
What is the hundreds digit of 523?
5
What is the tens digit of 2590?
9
What is the thousands digit of 24918?
4
What is the hundreds digit of 2330?
3
What is the thousands digit of 30221?
0
What is the tens digit of 1146?
4
What is the tens digit of 73893?
9
What is the ten thousands digit of 21851?
2
What is the thousands digit of 8999?
8
What is the tens digit of 8998?
9
What is the tens digit of 7889?
8
What is the tens digit of 59817?
1
What is the units digit of 7738?
8
What is the tens digit of 694?
9
What is the hundreds digit of 16234?
2
What is the thousands digit of 9866?
9
What is the hundreds digit of 303?
3
What is the hundreds digit of 45672?
6
What is the units digit of 5376?
6
What is the tens digit of 22572?
7
What is the units digit of 484?
4
What is the tens digit of 50662?
6
What is the hundreds digit of 5700?
7
What is the hundreds digit of 860?
8
What is the hundreds digit of 24206?
2
What is the thousands digit of 6488?
6
What is the thousands digit of 3159?
3
What is the thousands digit of 5280?
5
What is the thousands digit of 57669?
7
What is the units digit of 252?
2
What is the tens digit of 312?
1
What is the tens digit of 24857?
5
What is the thousands digit of 1166?
1
What is the ten thousands digit of 43911?
4
What is the hundreds digit of 3267?
2
What is the units digit of 1448?
8
What is the thousands digit of 8765?
8
What is the tens digit of 2842?
4
What is the tens digit of 1303?
0
What is the hundreds digit of 12013?
0
What is the thousands digit of 25274?
5
What is the tens digit of 3146?
4
What is the thousands digit of 4073?
4
What is the units digit of 38537?
7
What is the thousands digit of 14113?
4
What is the tens digit of 7438?
3
What is the hundreds digit of 136849?
8
What is the hundreds digit of 417?
4
What is the tens digit of 1318?
1
What is the thousands digit of 7318?
7
What is the thousands digit of 1858?
1
What is the hundreds digit of 363?
3
What is the units digit of 108412?
2
What is the hundreds digit of 337?
3
What is the thousands digit of 60475?
0
What is the units digit of 1663?
3
What is the hundreds digit of 2122?
1
What is the thousands digit of 79743?
9
What is the thousands digit of 3957?
3
What is the hundreds digit of 1087?
0
What is the hundreds digit of 2306?
3
What is the units digit of 32440?
0
What is the tens digit of 190?
9
What is the units digit of 1377?
7
What is the units digit of 14521?
1
What is the tens digit of 675?
7
What is the tens digit of 70?
7
What is the hundreds digit of 20177?
1
What is the tens digit of 49748?
4
What is the ten thousands digit of 117837?
1
What is the hundreds digit of 4036?
0
What is the tens digit of 15539?
3
What is the hundreds digit of 4104?
1
What is the hundreds digit of 211?
2
What is the units digit of 2016?
6
What is the units digit of 1123?
3
What is the tens digit of 4988?
8
What is the hundreds digit of 4193?
1
What is the tens digit of 22350?
5
What is the tens digit of 76?
7
What is the hundreds digit of 28970?
9
What is the hundreds digit of 1225?
2
What is the tens digit of 61809?
0
What is the hundred thousands digit of 112453?
1
What is the thousands digit of 8895?
8
What is the tens digit of 6605?
0
What is the ten thousands digit of 29197?
2
What is the units digit of 26267?
7
What is the units digit of 3894?
4
What is the tens digit of 6787?
8
What is the units digit of 3565?
5
What is the thousands digit of 1934?
1
What is the hundreds digit of 1232?
2
What is the thousands digit of 3109?
3
What is the hundreds digit of 4762?
7
What is the hundreds digit of 2267?
2
What is the tens digit of 6567?
6
What is the units digit of 505?
5
What is the tens digit of 968?
6
What is the units digit of 194?
4
What is the thousands digit of 7215?
7
What is the hundreds digit of 1240?
2
What is the hundreds digit of 83643?
6
What is the hundreds digit of 1093?
0
What is the tens digit of 165?
6
What is the thousands digit of 16043?
6
What is the units digit of 53520?
0
What is the ten thousands digit of 51647?
5
What is the units digit of 723?
3
What is the hundreds digit of 4750?
7
What is the thousands digit of 4108?
4
What is the tens digit of 687?
8
What is the tens digit of 5716?
1
What is the thousands digit of 2055?
2
What is the tens digit of 2209?
0
What is the ten thousands digit of 110003?
1
What is the tens digit of 753?
5
What is the units digit of 14?
4
What is the hundreds digit of 1826?
8
What is the units digit of 839?
9
What is the hundreds digit of 632?
6
What is the units digit of 1507?
7
What is the units digit of 23050?
0
What is the units digit of 11494?
4
What is the hundreds digit of 166456?
4
What is the thousands digit of 1700?
1
What is the thousands digit of 2408?
2
What is the tens digit of 63576?
7
What is the ten thousands digit of 56453?
5
What is the hundreds digit of 666?
6
What is the ten thousands digit of 76523?
7
What is the tens digit of 107002?
0
What is the tens digit of 3431?
3
What is the thousands digit of 3086?
3
What is the tens digit of 212?
1
What is the units digit of 558?
8
What is the tens digit of 2054?
5
What is the units digit of 27195?
5
What is the thousands digit of 4560?
4
What is the tens digit of 160924?
2
What is the ten thousands digit of 16925?
1
What is the thousands digit of 63957?
3
What is the units digit of 26012?
2
What is the thousands digit of 1195?
1
What is the thousands digit of 2880?
2
What is the units digit of 3726?
6
What is the units digit of 9?
9
What is the hundreds digit of 857?
8
What is the tens digit of 11136?
3
What is the hundreds digit of 4767?
7
What is the ten thousands digit of 14752?
1
What is the units digit of 14974?
4
What is the tens digit of 4623?
2
What is the tens digit of 1074?
7
What is the thousands digit of 7862?
7
What is the hundreds digit of 104035?
0
What is the units digit of 1161?
1
What is the hundreds digit of 6941?
9
What is the hundreds digit of 146?
1
What is the hundreds digit of 14342?
3
What is the units digit of 11386?
6
What is the thousands digit of 1027?
1
What is the thousands digit of 8745?
8
What is the thousands digit of 18408?
8
What is the ten thousands digit of 12464?
1
What is the units digit of 645?
5
What is the hundreds digit of 108297?
2
What is the thousands digit of 2529?
2
What is the units digit of 103491?
1
What is the units digit of 37670?
0
What is the tens digit of 3022?
2
What is the tens digit of 3688?
8
What is the hundreds digit of 26760?
7
What is the hundreds digit of 3772?
7
What is the units digit of 6871?
1
What is the thousands digit of 3315?
3
What is the thousands digit of 14783?
4
What is the units digit of 262?
2
What is the hundreds digit of 2569?
5
What is the thousands digit of 1636?
1
What is the units digit of 32284?
4
What is the hundreds digit of 3844?
8
What is the units digit of 3603?
3
What is the tens digit of 34927?
2
What is the units digit of 110?
0
What is the units digit of 998?
8
What is the tens digit of 2152?
5
What is the hundreds digit of 418?
4
What is the tens digit of 885?
8
What is the hundreds digit of 99719?
7
What is the hundreds digit of 1568?
5
What is the tens digit of 4597?
9
What is the thousands digit of 1393?
1
What is the hundreds digit of 404?
4
What is the hundreds digit of 24859?
8
What is the units digit of 431?
1
What is the tens digit of 10174?
7
What is the tens digit of 30?
3
